{"id":3,"date":"2023-01-10T13:11:20","date_gmt":"2023-01-10T13:11:20","guid":{"rendered":"https:\/\/dermofigital.es\/?page_id=3"},"modified":"2024-12-28T14:04:08","modified_gmt":"2024-12-28T13:04:08","slug":"politica-privacidad","status":"publish","type":"page","link":"https:\/\/dermofigital.es\/index.php\/politica-privacidad\/","title":{"rendered":"Pol\u00edtica de privacidad"},"content":{"rendered":"\n<p>De conformidad con el Reglamento (UE) 2016\/679 del Parlamento Europeo y del Consejo de 27 de abril de 2016, relativo a la protecci\u00f3n de las personas f\u00edsicas en lo que respecta al tratamiento de datos personales (en adelante RGPD), as\u00ed como en la Ley Org\u00e1nica 3\/2018, de 5 de diciembre, de Protecci\u00f3n de Datos Personales y garant\u00eda de los derechos digitales (en adelante LOPD) y normativa de desarrollo y como consecuencia de la navegaci\u00f3n y la cumplimentaci\u00f3n de los formularios de la web <a href=\"https:\/\/dermofigital.es\">https:\/\/dermofigital.es<\/a> , el usuario acepta que los datos personales por \u00e9l facilitados o que se faciliten en el futuro a trav\u00e9s de dichos servicios, sean objeto de tratamiento por parte de NOVALTIA, S. Coop. (en adelante NOVALTIA), en su condici\u00f3n de Responsable del Tratamiento.<\/p>\n\n\n\n<p>En NOVALTIA, igual que tenemos un firme compromiso con la r\u00e1pida y eficiente distribuci\u00f3n y entrega de todos los medicamentos a las farmacias, incluso las m\u00e1s alejadas, en el m\u00ednimo tiempo y al menor coste, tambi\u00e9n nos comprometemos con la protecci\u00f3n de sus datos personales y con la adopci\u00f3n de las medidad de seguridad necesarias para asegurar su protecci\u00f3n. Asimismo, exigimos contractualmente que los terceros de confianza que puedan tratar sus datos personales hagan lo mismo.<\/p>\n\n\n\n<p>Siempre hacemos nuestro mejor esfuerzo para proteger sus datos personales y una vez que hemos recibido su informaci\u00f3n personal, utilizamos procedimientos estrictos y medidas de seguridad para tratar de evitar accesos no autorizados.<\/p>\n\n\n\n<p>En virtud de las obligaciones establecidas por la Ley 34\/2002, de servicios de la sociedad de la informaci\u00f3n y de comercio electr\u00f3nico:<\/p>\n\n\n\n<p>El prestador de servicios propietario de \u00e9sta p\u00e1gina Web es NOVALTIA con N.I.F. F50016401 y con domicilio en Autov\u00eda de Huesca Km 7,200; Ciudad del Transporte, C\/ M, n\u00famero 68, 50820 &#8211; Zaragoza. La direcci\u00f3n electr\u00f3nica de contacto es: <a href=\"mailto:rgpd@novaltia.es\">rgpd@novaltia.es<\/a><\/p>\n\n\n\n<h2 class=\"wp-block-heading\">1. Identidad y direcci\u00f3n del Responsable del Tratamiento<\/h2>\n\n\n\n<p>El titular y responsable del tratamiento a efectos de la LOPD y del RGPD, es NOVALTIA, con N.I.F. F50016401 y con domicilio en Autov\u00eda de Huesca Km 7,200; Ciudad del Transporte, C\/ M, n\u00famero 68, 50820 &#8211; Zaragoza.<\/p>\n\n\n\n<h2 class=\"wp-block-heading\">2. Protecci\u00f3n de datos de car\u00e1cter personal de conformidad con la normativa aplicable<\/h2>\n\n\n\n<p>NOVALTIA, como responsable del presente Sitio Web y de conformidad con lo dispuesto por el RGPD y dem\u00e1s normativa aplicable en materia de protecci\u00f3n de datos personales y por la Ley 34\/2002, de 11 de julio, de servicios de la sociedad de la informaci\u00f3n y de comercio electr\u00f3nico (LSSI-CE) ha puesto en pr\u00e1ctica aqu\u00e9llas pol\u00edticas, medios y procedimientos t\u00e9cnicos y organizativos para garantizar y proteger la confidencialidad, integridad y disponibilidad de sus datos de car\u00e1cter personal.<\/p>\n\n\n\n<h2 class=\"wp-block-heading\">3. Tratamiento de los datos y su confidencialidad<\/h2>\n\n\n\n<p>NOVALTIA le informar\u00e1 siempre sobre qu\u00e9 datos son de obligatoria cumplimentaci\u00f3n y necesarios para el cumplimiento de las finalidades que m\u00e1s adelante se detallan.<\/p>\n\n\n\n<p>Todos aquellos que intervengan en cualquier fase del tratamiento y\/o las entidades a quienes les hayan sido comunicadas -en su caso y en virtud de la correspondiente autorizaci\u00f3n conferida expresamente por Ud.- est\u00e1n obligadas a observar el secreto profesional y adoptar\u00e1n los niveles de protecci\u00f3n y las medidas t\u00e9cnicas y organizativas necesarias a su alcance que garanticen la seguridad de los datos de car\u00e1cter personal, evitando, en la medida de lo posible, accesos no autorizados, modificaciones il\u00edcitas, sustracciones y\/o la p\u00e9rdida de los datos; a fin de procurar el correspondiente nivel de seguridad de los tratamientos llevados a cabo por NOVALTIA seg\u00fan la naturaleza y sensibilidad de los datos facilitados por Ud. a trav\u00e9s del presente sitio web.<\/p>\n\n\n\n<p>No obstante, se le advierte e informa que las medidas t\u00e9cnicas no son infalibles ni inexpugnables, motivo por el cual, NOVALTIA no podr\u00e1 tenerse por responsable de tales pr\u00e1cticas ni de sus consecuencias, en especial, de la presencia de virus u otros elementos o bien de los da\u00f1os y perjuicios que puedan derivarse de la presencia de virus, a la conexi\u00f3n o a la descarga por Ud. de contenidos desde el sitio web que causen alteraciones en los sistemas inform\u00e1ticos (hardware y software).<\/p>\n\n\n\n<h2 class=\"wp-block-heading\">4. Datos personales<\/h2>\n\n\n\n<p>Hacen referencia a cualquier informaci\u00f3n que pueda identificarle directamente (por ejemplo, su nombre o apellidos) o indirectamente (por ejemplo, su documento nacional de identidad o D.N.I.). Los datos personales incluyen informaci\u00f3n tal como el correo electr\u00f3nico, direcciones postales particulares, tel\u00e9fono m\u00f3vil o contenido generado por el usuario, entre otros. Tambi\u00e9n podr\u00eda incluir identificadores num\u00e9ricos \u00fanicos como la direcci\u00f3n IP de su ordenador o la direcci\u00f3n MAC de su dispositivo m\u00f3vil, as\u00ed como tambi\u00e9n la informaci\u00f3n que obtenemos a trav\u00e9s de cookies.<\/p>\n\n\n\n<h2 class=\"wp-block-heading\">5. Recogida de datos personales y finalidades del tratamiento<\/h2>\n\n\n\n<p>Podemos recabar o recibir sus datos a trav\u00e9s de nuestro sitio web mediante el correspondiente formulario de contacto. Para ello, en algunos casos Ud. nos facilita directamente sus datos (cuando por ejemplo se pone en contacto con nosotros) y, en otros casos, los recabamos nosotros (cuando por ejemplo usamos cookies para analizar c\u00f3mo usa nuestro sitio web).<\/p>\n\n\n\n<p>Encontrar\u00e1 m\u00e1s detalle e informaci\u00f3n a trav\u00e9s de la siguiente tabla y sus correspondientes ep\u00edgrafes en los t\u00e9rminos del RGPD:<\/p>\n\n\n\n<figure class=\"wp-block-table\"><table><thead><tr><th scope=\"col\">Ep\u00edgrafe<\/th><th scope=\"col\">Informaci\u00f3n b\u00e1sica<\/th><th scope=\"col\">Informaci\u00f3n adicional<\/th><\/tr><\/thead><tbody><tr><td>Responsable del tratamiento<\/td><td>NOVALTIA, titular del sitio web <a href=\"https:\/\/dermofigital.es\">https:\/\/dermofigital.es<\/a><\/td><td>N.I.F. F50016401 y con domicilio en Autov\u00eda de Huesca Km 7,200; Ciudad del Transporte, C\/ M, n\u00famero 68, 50820, Zaragoza.<\/td><\/tr><tr><td>Finalidad del tratamiento y conservaci\u00f3n de los datos<\/td><td>Contactar con NOVALTIA para realizar cualquier consulta sobre los servicios que prestamos. Prestaci\u00f3n a trav\u00e9s del sitio <a href=\"https:\/\/dermofigital.es\">https:\/\/dermofigital.es<\/a> de servicios de informaci\u00f3n, a los efectos de atender las necesidades y consultas de los usuarios web as\u00ed como de garantizar el acceso del paciente al medicamento en cualquier farmacia socia de la Cooperativa.<\/td><td>El titular de los datos consiente expresamente a que el Responsable del Tratamiento realice las siguientes actividades y acciones, salvo que indique lo contrario al contratar o solicitar informaci\u00f3n respecto a los servicios indicados en la anterior columna o a resultas de una revocaci\u00f3n posterior del consentimiento inicialmente otorgado: Atender cualquier consulta que nos plantee v\u00eda mail o telef\u00f3nicamente o a trav\u00e9s de nuestro formulario de contacto que encontrar\u00e1 en nuestro portal web, y todo ello en el menor tiempo posible y dando la mejor soluci\u00f3n a aquello que nos plantee. Realizar todas aquellas actividades propias de NOVALTIA por la presente rese\u00f1adas.<\/td><\/tr><tr><td>Base de legitimaci\u00f3n del tratamiento<\/td><td>Proceder a suministrar la informaci\u00f3n solicitada por el usuario, consentimiento del interesado con la aceptaci\u00f3n de la pol\u00edtica de privacidad e inter\u00e9s leg\u00edtimo. Ejecuci\u00f3n de contrato si es el caso y consentimiento expreso cuando se solicite.<\/td><td>El inter\u00e9s leg\u00edtimo servir\u00e1 de base para dar respuesta a sus consultas y proporcionar informaci\u00f3n requerida.<\/td><\/tr><tr><td>Destinatarios<\/td><td>Le informamos que sus datos podr\u00e1n ser tratados por otras entidades (encargados de tratamiento) para el buen fin de la prestaci\u00f3n de los servicios de NOVALTIA. La cesi\u00f3n a terceros de sus datos para otras finalidades requerir\u00e1 de su previo consentimiento.<\/td><td>Sus datos ser\u00e1n tratados por terceras empresas que nos ayudan a proporcionar servicios de Tecnolog\u00edas de la Informaci\u00f3n como proveedores de plataforma, servicios de alojamiento, mantenimiento y soporte en nuestras bases de datos, as\u00ed como de nuestro software y aplicaciones que pueden contener datos sobre Ud.<\/td><\/tr><tr><td>Derechos<\/td><td>Ud. podr\u00e1 ejercer en cualquier momento sus derechos de acceso, rectificaci\u00f3n, supresi\u00f3n, oposici\u00f3n, limitaci\u00f3n y portabilidad al tratamiento de sus datos, as\u00ed como revocar el consentimiento para el tratamiento de sus datos.<\/td><td>Dicho ejercicio se podr\u00e1 hacer efectivo mediante escrito dirigido a NOVALTIA, con N.I.F. F50016401 y con domicilio en Autov\u00eda de Huesca Km 7,200; Ciudad del Transporte, C\/ M, n\u00famero 68, 50820 &#8211; Zaragoza, o al correo electr\u00f3nico <a href=\"mailto:rgpd@novaltia.es\">rgpd@novaltia.es<\/a>. En cumplimiento del art\u00edculo 80 del RGPD le informamos que tiene derecho a dar mandato a la Autoridad de control espa\u00f1ola para que, en su caso, ejerza en su inter\u00e9s los derechos que le asisten en materia de protecci\u00f3n de datos.<\/td><\/tr><tr><td>Procedencia de los datos<\/td><td>Del propio interesado o de terceros.<\/td><td>Los datos que se tratan proceden del propio interesado y\/o de terceros autorizados por \u00e9ste a favor de NOVALTIA. Las categor\u00edas de datos que tratamos son: Datos identificativos y de contacto.<\/td><\/tr><\/tbody><\/table><\/figure>\n\n\n\n<h2 class=\"wp-block-heading\">6. Transferencia en circunstancias especiales<\/h2>\n\n\n\n<p>Si existe una venta, una fusi\u00f3n, consolidaci\u00f3n, cambio en el control societario, transferencia de activos sustancial, reorganizaci\u00f3n, transformaci\u00f3n o liquidaci\u00f3n del sitio web <a href=\"https:\/\/dermofigital.es\">https:\/\/dermofigital.es<\/a> del cual es titular actualmente NOVALTIA entonces, a nuestra discreci\u00f3n, podemos transferir, vender o asignar la informaci\u00f3n recabada en este sitio a una o m\u00e1s partes relevantes adquirentes, comunic\u00e1ndole para ello el cambio de responsable de sus datos.<\/p>\n\n\n\n<h2 class=\"wp-block-heading\">7. Redes sociales<\/h2>\n\n\n\n<p>Le informamos que NOVALTIA est\u00e1 presente en redes sociales, tal y como podr\u00e1 comprobar en la parte inferior derecha de nuestro portal web <a href=\"https:\/\/dermofigital.es\">https:\/\/dermofigital.es<\/a>. El tratamiento de los datos que se realice de las personas que se hagan seguidoras en las redes sociales (y\/o realicen cualquier v\u00ednculo o acci\u00f3n de conexi\u00f3n a trav\u00e9s de las redes sociales) de las p\u00e1ginas oficiales de NOVALTIA se regir\u00e1 por este apartado, as\u00ed como por aquellas condiciones de uso, pol\u00edticas de privacidad y normativas de acceso, uso y similares que pertenezcan a la red social que proceda en cada caso y aceptadas previamente por el usuario. NOVALTIA utilizar\u00e1 sus datos con las finalidades de administrar correctamente su presencia en la red social, inform\u00e1ndole de actividades productos o servicios de NOVALTIA, as\u00ed como para cualquier otra finalidad que las normativas de las Redes Sociales puedan permitir.<\/p>\n\n\n\n<h2 class=\"wp-block-heading\">8. Enlaces<\/h2>\n\n\n\n<p>Por \u00faltimo, aunque NOVALTIA facilita enlaces a p\u00e1ginas web de terceros, no se hace responsable de los contenidos que se encuentran en dichas p\u00e1ginas web, en la medida en que son gestionadas por terceros ajenos a NOVALTIA. Tampoco se hace responsable de los datos personales ni del tratamiento que se realice a trav\u00e9s de las p\u00e1ginas web mencionadas.<\/p>\n\n\n\n<h2 class=\"wp-block-heading\">9. Cambios en la pol\u00edtica de privacidad:<\/h2>\n\n\n\n<p>NOVALTIA se reserva el derecho a modificar la presente pol\u00edtica para adaptarla a novedades legislativas o jurisprudenciales, as\u00ed como a recomendaciones y directrices de la Autoridad de Control pertinente. En dichos supuestos, NOVALTIA le informar\u00e1 debidamente de las actualizaciones y cambios en su pol\u00edtica de privacidad.<\/p>\n","protected":false},"excerpt":{"rendered":"<p>De conformidad con el Reglamento (UE) 2016\/679 del Parlamento Europeo y del Consejo de 27 de abril de 2016, relativo a la protecci\u00f3n de las personas f\u00edsicas en lo que [&hellip;]<\/p>\n","protected":false},"author":1,"featured_media":0,"parent":0,"menu_order":0,"comment_status":"closed","ping_status":"open","template":"","meta":{"_price":"","_stock":"","_tribe_ticket_header":"","_tribe_default_ticket_provider":"","_ticket_start_date":"","_ticket_end_date":"","_tribe_ticket_show_description":"","_tribe_ticket_show_not_going":false,"_tribe_ticket_use_global_stock":"","_tribe_ticket_global_stock_level":"","_global_stock_mode":"","_global_stock_cap":"","_tribe_rsvp_for_event":"","_tribe_ticket_going_count":"","_tribe_ticket_not_going_count":"","_tribe_tickets_list":"[]","_tribe_ticket_has_attendee_info_fields":false,"_EventAllDay":false,"_EventTimezone":"","_EventStartDate":"","_EventEndDate":"","_EventStartDateUTC":"","_EventEndDateUTC":"","_EventShowMap":false,"_EventShowMapLink":false,"_EventURL":"","_EventCost":"","_EventCostDescription":"","_EventCurrencySymbol":"","_EventCurrencyCode":"","_EventCurrencyPosition":"","_EventDateTimeSeparator":"","_EventTimeRangeSeparator":"","_EventOrganizerID":[],"_EventVenueID":[],"_OrganizerEmail":"","_OrganizerPhone":"","_OrganizerWebsite":"","_VenueAddress":"","_VenueCity":"","_VenueCountry":"","_VenueProvince":"","_VenueState":"","_VenueZip":"","_VenuePhone":"","_VenueURL":"","_VenueStateProvince":"","_VenueLat":"","_VenueLng":"","_VenueShowMap":false,"_VenueShowMapLink":false,"footnotes":"","_tec_slr_enabled":"","_tec_slr_layout":""},"class_list":["post-3","page","type-page","status-publish","hentry"],"ticketed":false,"_links":{"self":[{"href":"https:\/\/dermofigital.es\/index.php\/wp-json\/wp\/v2\/pages\/3","targetHints":{"allow":["GET"]}}],"collection":[{"href":"https:\/\/dermofigital.es\/index.php\/wp-json\/wp\/v2\/pages"}],"about":[{"href":"https:\/\/dermofigital.es\/index.php\/wp-json\/wp\/v2\/types\/page"}],"author":[{"embeddable":true,"href":"https:\/\/dermofigital.es\/index.php\/wp-json\/wp\/v2\/users\/1"}],"replies":[{"embeddable":true,"href":"https:\/\/dermofigital.es\/index.php\/wp-json\/wp\/v2\/comments?post=3"}],"version-history":[{"count":3,"href":"https:\/\/dermofigital.es\/index.php\/wp-json\/wp\/v2\/pages\/3\/revisions"}],"predecessor-version":[{"id":201,"href":"https:\/\/dermofigital.es\/index.php\/wp-json\/wp\/v2\/pages\/3\/revisions\/201"}],"wp:attachment":[{"href":"https:\/\/dermofigital.es\/index.php\/wp-json\/wp\/v2\/media?parent=3"}],"curies":[{"name":"wp","href":"https:\/\/api.w.org\/{rel}","templated":true}]}}